+ 0?
-19116
In base 9, what is 833601 + 1?
833602
In base 6, what is 1400231 + 3?
1400234
In base 5, what is -10 - -211311?
211301
In base 2, what is -1110100011101010 + 101?
-1110100011100101
In base 11, what is 2 + -15131?
-1512a
In base 4, what is 11222123032 - 2?
11222123030
In base 11, what is -5 - 9423?
-9428
In base 11, what is 84227 - -3?
8422a
In base 3, what is -11 + -110101112?
-110101200
In base 7, what is 30 - -31612?
31642
In base 7, what is 32 - -1312040?
1312102
In base 11, what is a421 - 6?
a416
In base 16, what is 1b78 - -1a8?
1d20
In base 3, what is 12010 + 2012?
21022
In base 12, what is -1b112 - 16?
-1b128
In base 4, what is -211332231 + 3?
-211332222
In base 2, what is 100010010010010 + -100?
100010010001110
In base 14, what is 11 - 1037a?
-10369
In base 15, what is -72b9 - -22?
-7297
In base 7, what is -36 + -11644?
-12013
In base 6, what is -141455 + -5?
-141504
In base 6, what is -3 - 322020?
-322023
In base 14, what is -929 - b?
-936
In base 3, what is 210110 + -1120?
201220
In base 4, what is 3000003130 - 1?
3000003123
In base 9, what is 5 + -678631?
-678625
In base 2, what is -1101111100 + 10010?
-1101101010
In base 14, what is -b1 - 239?
-30a
In base 13, what is -16 + 8148?
8132
In base 13, what is -44 + -1ca?
-241
In base 7, what is 651201 + -4?
651164
In base 8, what is 5 + -626634?
-626627
In base 6, what is 3413 - -1?
3414
In base 2, what is 1100011011000101 + 0?
1100011011000101
In base 4, what is -321 - 333?
-1320
In base 5, what is 11 - -3230?
3241
In base 7, what is -360 - 262?
-652
In base 5, what is 1244 - 14044?
-12300
In base 11, what is -100792 - 3?
-100795
In base 15, what is 5 - c27?
-c22
In base 16, what is -10daf + 9?
-10da6
In base 13, what is -3 + -114?
-117
In base 16, what is f + -3cb?
-3bc
In base 13, what is 2b54 - -94?
2c18
In base 9, what is -38481 - -176?
-38304
In base 14, what is 1 + 10a33?
10a34
In base 9, what is 83 + 17563?
17656
In base 6, what is -103 - -114411?
114304
In base 15, what is c35 + 98?
ccd
In base 15, what is de - -1da2?
1e91
In base 14, what is 287 - -13?
29a
In base 3, what is 2 - -22212121221?
22212122000
In base 5, what is 21443231 + 4?
21443240
In base 2, what is 10001111101000010000 - -1?
10001111101000010001
In base 11, what is -98 + -28a0?
-2988
In base 5, what is -1 - 3144?
-3200
In base 11, what is 12763 + 3?
12766
In base 13, what is -2469 + 0?
-2469
In base 2, what is 101100001 - -10011?
101110100
In base 12, what is 121 + 131?
252
In base 2, what is -100100101 + 110110011101?
110001111000
In base 7, what is 115342 + 0?
115342
In base 2, what is 10010 - 1001010110011?
-1001010100001
In base 13, what is -1a53 + -9?
-1a5c
In base 8, what is 122 + -465?
-343
In base 16, what is 7 - 309ff?
-309f8
In base 15, what is -8 - 3836b?
-38374
In base 11, what is -1 + -1179?
-117a
In base 7, what is -10 + 105303?
105263
In base 2, what is -1000010110 + -10010111?
-1010101101
In base 10, what is 1113 - 284?
829
In base 5, what is -20 - -4330?
4310
In base 14, what is 849 - ba?
76d
In base 9, what is -8265 - 0?
-8265
In base 6, what is -141 + 134225?
134044
In base 6, what is -155102 - -5?
-155053
In base 2, what is 1011001 - 10010100111?
-10001001110
In base 16, what is -3 + -4fc65?
-4fc68
In base 16, what is 1871 + 13?
1884
In base 4, what is -2212213 - -11?
-2212202
In base 15, what is -15a - 348?
-4a3
In base 11, what is -27544 + -3?
-27547
In base 4, what is 2200 + 120103?
122303
In base 5, what is -1244403312 + -10?
-1244403322
In base 9, what is -26765 - 3?
-26768
In base 7, what is -42 - -1100451?
1100406
In base 8, what is 3 + 31107?
31112
In base 8, what is -1 - 1112026?
-1112027
In base 14, what is -b - d2756?
-d2763
In base 9, what is 2321 + -63?
2247
In base 5, what is 124444410 + 3?
124444413
In base 4, what is -302 - 23100032?
-23101000
In base 15, what is -2be - -9?
-2b5
In base 5, what is -43441413 + 2?
-43441411
In base 2, what is 101011110101 + -1011100?
101010011001
In base 12, what is -530 - 438?
-968
In base 5, what is -230 - 31040?
-31320
In base 15, what is 5 + -15d1?
-15cb
In base 14, what is -2 - -158?
156
In base 7, what is -3403454 + -2?
-3403456
In base 14, what is -3 + 2836?
2833
In base 14, what is 65 - -ad38?
ad9d
In base 5, what is -434 + -11224?
-12213
In base 16, what is -4 - -303cd?
303c9
In base 14, what is 2cb + 3?
2d0
In base 8, what is 1164 - 1201?
-15
In base 12, what is -282a2 + -8?
-282aa
In base 12, what is -55 - -a605?
a570
In base 14, what is -bb61 - -4?
-bb5b
In base 16, what is -c2103 - -3?
-c2100
In base 10, what is -29881 - 6?
-29887
In base 4, what is -3 - 20101313?
-20101322
In base 13, what is 6a - -363a?
36a7
In base 15, what is b1 + 135c?
141d
In base 12, what is -94 - -41?
-53
In base 2, what is 101010 - 1000011011000110?
-1000011010011100
In base 6, what is 42 - -125552?
130034
In base 11, what is -47 + -5306?
-5352
In base 11, what is 19906 - -5?
19910
In base 7, what is 5 - -306255?
306263
In base 15, what is 16d6 - 27?
16ae
In base 8, what is -73317 + 12?
-73305
In base 8, what is 2 - -14062?
14064
In base 10, what is -2 - 25366?
-25368
In base 6, what is 51020 + 52?
51112
In base 14, what is -116 + 466d?
4557
In base 7, what is -550325 + -4?
-550332
In base 2, what is -10001110111111 - -1000011?
-10001101111100
In base 11, what is 95 + 48?
132
In base 9, what is -10428 + 32?
-10386
In base 2, what is 10001000000011 + 0?
10001000000011
In base 12, what is 324 + -5?
31b
In base 15, what is -3c47e - 1?
-3c480
In base 3, what is -2 - 1001020002111?
-1001020002120
In base 3, what is -101211202 - -10?
-101211122
In base 8, what is -6444710 - -5?
-6444703
In base 6, what is 0 - 14254034?
-14254034
In base 15, what is 0 + 3b16?
3b16
In base 6, what is 4 + 435130?
435134
In base 13, what is 20 + 1199?
11b9
In base 15, what is 5d9 + 0?
5d9
In base 12, what is -19 - 46b?
-488
In base 13, what is 52867 - -1?
52868
In base 3, what is 20200202212202 - -2?
20200202212211
In base 5, what is -14 - -234313?
234244
In base 8, what is -37304 - 4?
-37310
In base 13, what is -5 - -4c9a?
4c95
In base 11, what is -5 + 37760?
37756
In base 4, what is -301323333 + 0?
-301323333
In base 14, what is -52 - 488?
-4da
In base 10, what is -14 - 36635?
-36649
In base 13, what is -6 + 13a59?
13a53
In base 11, what is 4a484 - -25?
4a4a9
In base 11, what is 3a2347 - -5?
3a2351
In base 12, what is 3 - 391585?
-391582
In base 12, what is -2a9 + 2b56?
2869
In base 7, what is 2124 - 5?
2116
In base 13, what is 22 + 13cc?
1421
In base 12, what is -167 - 383?
-52a
In base 3, what is 2110012 - -11?
2110100
In base 5, what is -141031 + -4?
-141040
In base 9, what is 4 - 216066?
-216062
In base 8, what is -3 + 243407?
243404
In base 2, what is 1001010101111 + -11001?
1001010010110
In base 8, what is -3046 - 204?
-3252
In base 6, what is 3 - -5223520?
5223523
In base 4, what is -111131 + -2011?
-113202
In base 11, what is 44680 - 1?
4467a
In base 4, what is -2330203 + -3?
-2330212
In base 11, what is -3055a3 + -1?
-3055a4
In base 2, what is -1100111110000 - 0?
-1100111110000
In base 15, what is -4 + d926?
d922
In base 3, what is -2 + 100012220121?
100012220112
In base 10, what is 3 + 3397?
3400
In base 7, what is -4403 - 1061?
-5464
In base 7, what is -1 + -141533?
-141534
In base 14, what is -19c97 + 0?
-19c97
In base 14, what is 5 + -8a57?
-8a52
In base 11, what is -8 + 140593?
140586
In base 2, what is -1111111010001110 - -1110?
-1111111010000000
In base 3, what is 201020 - -21102?
222122
In base 7, what is -32 - 41654?
-42016
In base 15, what is 1 - 193c0?
-193be
In base 10, what is -282 - 6335?
-6617
In base 14, what is 7 - 48d?
-486
In base 11, what is -729 + -165?
-893
In base 5, what is -44131313 - 2?
-44131320
In base 13, what is -4a4 + -2?
-4a6
In base 4, what is 0 + -123321?
-123321
In base 4, what is 1000020 - 22?
333332
In base 11, what is -267a + -5?
-2684
In base 14, what is 1b967 - -5?
1b96c
In base 6, what is 11402 - 4205?
3153
In base 15, what is -5 - -5b20?
5b1a
In base 12, what is -17 - -2b7aa?
2b793
In base 4, what is -100122 - -20311?
-13211
In base 5, what is 21211 - -1022?
22233
In base 12, what is 559 - -11?
56a
In base 6, what is -31 - -54152?
54121
In base 10, what is -5 + 13720?
13715
In base 15, what is -3672 - -b?
-3666
In 